units digit of q(n)?
3
Let l(w) = -w**2 - 9*w - 8. Let v(u) = u**2 - 2*u - 2. Let n be v(8). Let s be (-8)/(-12) + n/(-6). What is the units digit of l(s)?
6
Suppose 5*r - r = g - 16, -4*g + 2*r = -8. Suppose 4 = -5*z + z. Let h = g - z. What is the units digit of h?
1
Let l(x) = x**3 - 4*x**2 + 3*x - 5. Let o be l(3). Let c(v) = -v**3 + 5 + 5*v**3 - 5*v**3 - 6*v**2 - 5*v. What is the units digit of c(o)?
5
Let c(k) = -2*k**3 + 27*k**2 - 10*k - 22. What is the tens digit of c(13)?
1
Let j(r) = 2*r - 16. What is the units digit of j(11)?
6
Suppose 2*c - 648 = -4*y, 3*c - 3 = 3. What is the hundreds digit of y?
1
What is the tens digit of 4/1 + 7 + 2?
1
Suppose 36*w = 30*w + 546. What is the tens digit of w?
9
Let q be (0 + -2)/(10/(-25)). Suppose -q*b = -2*b - 81. What is the units digit of b?
7
Let m(o) = -o**3 + 6*o**2 + 2*o + 2. Let i be m(5). Suppose r + 0*r = i. What is the tens digit of r?
3
Let k(j) = 3*j**2 - 4*j. Let o be k(5). Suppose 0 = -4*c - o + 163. What is the units digit of c?
7
Let r(o) = -12*o. Let a(t) = -119*t. Let l(p) = 5*a(p) - 49*r(p). Suppose 0 = 4*b - 5*b - 1. What is the units digit of l(b)?
7
Let b(x) = 2*x**3 - 11*x**2 + 7*x + 6. What is the tens digit of b(6)?
8
Suppose -5*c = 12 - 2. Let w = -4 - -2. What is the units digit of w + 3 - (c + 0)?
3
Suppose -8 = 2*y - 14. Suppose -y*x - 6*q + 113 = -q, -x + 41 = 5*q. What is the units digit of x?
6
Suppose -d - 10 = -5*m, 5*m = 2*d + 3*d - 10. Let w be 10/4*8/10. Suppose -m*r = -w*r - 2. What is the units digit of r?
2
Let b(x) = x - 5. Let g be b(6). What is the tens digit of g/(-3*3/(-99))?
1
Let j(w) = 2*w + 2. Let l be j(-1). Suppose l*s - 3*s + 75 = 0. What is the units digit of s?
5
Let b(t) = 16*t**2 + 2*t - 1. Let f be b(1). Suppose -f = 5*o - 62. Suppose 5*k + o - 84 = 0. What is the units digit of k?
5
Suppose 0 = 3*i - 3 - 3. Suppose -6*d = -3*d - 6, -n + 2*d + i = 0. What is the units digit of n?
6
Let m(l) = -l - 7. Let f be m(-8). Let t be (0 + -3)*(f - 2). Suppose -t*h + 12 = h. What is the units digit of h?
3
Let b(s) = -s**2 + s - 1. Let x be b(2). Let f be (-25 + x)*(-6)/3. Suppose -3*v + f = -1. What is the units digit of v?
9
Let o = 14 - 12. Suppose -o*i - 11 = -3*i. What is the tens digit of i?
1
Let j = 187 + -130. What is the units digit of j?
7
Let s be (8/12)/((-4)/6). What is the units digit of (2 + -14 + 1)*s?
1
Suppose h + 5*c = 25, -4*h + 7 = -3*c - 1. Suppose -5*r - 15 = -3*j, -5*j + r - h*r + 25 = 0. What is the units digit of j?
5
Let m(n) = n**3 + n + 7. Suppose -3*l - l = 0. What is the units digit of m(l)?
7
Suppose 0 = 4*s + v - 63, -2*v = 3*s - 6*v - 33. Suppose -5*h = -s, -3*h = -3*c + 10 + 14. What is the tens digit of c?
1
What is the units digit of 28 + 1 - 1/(-1)?
0
Let m = -39 + 126. What is the units digit of m?
7
Let x(z) = -2*z**3 - 2*z**2 - 2*z - 1. Let p be x(-1). Let y = 9 + p. Suppose -y*r + 6*r + 72 = 0. What is the tens digit of r?
1
Let v be 1/1*(6 + -4). Suppose 4*p = -4*d + v + 54, 4*d = p - 29. What is the tens digit of p?
1
Let y(n) = n**3 + 6*n**2 + 2. Let o be 21/(-3) + (-2)/(-2). Let i be y(o). What is the units digit of (i/3)/((-4)/(-18))?
3
Let n(v) = -v**3 - v**2 - v + 2. Let t be (-1)/(-1) + (-2)/2. Let g be n(t). Suppose g*c = 5*c - 9. What is the units digit of c?
3
Let h = 2 + -5. Let b = 7 + h. Suppose 5*k - 80 = -n, -10 = k - 3*k + b*n. What is the units digit of k?
5
Let c(j) = -j**2 - 9*j - 2. Let v(f) = 2*f**3 + 3*f**2 + f - 2. Let b be v(-2). What is the units digit of c(b)?
6
Suppose -861 = -4*q + 411. What is the tens digit of q?
1
Let p(q) = 2*q - 3. Let y be p(6). Let k(i) = i - 15. Let s(f) = 3*f - 44. Let h(o) = 11*k(o) - 4*s(o). What is the units digit of h(y)?
2
Suppose -2*a = -a + 1. Let n(p) = -7*p**2 - p - 1. Let m(z) = -z. Let u(h) = -m(h) - n(h). What is the units digit of u(a)?
6
Let h be 13*(-2 + 2 + 1). Suppose 3*v = 2*j - h, -2*v - 6 = -4*v. What is the units digit of j?
1
Suppose 5*w - 237 = 2*w. What is the units digit of w?
9
Let x(t) be the first derivative of -t**2 + t - 1. What is the units digit of x(-4)?
9
Let l be ((-8)/6)/((-4)/9). Suppose -2*p = -l*m - 6, -5*p - m + 15 = 2*m. What is the units digit of p?
3
Let u(o) = 3 - 2 + 1 - 13*o - 1. What is the units digit of u(-4)?
3
Suppose 5*p - 76 = p. What is the tens digit of p?
1
What is the tens digit of 4/1 + (81 - 18)?
6
Let d = -7 - -5. Let z = -4 - -5. What is the units digit of d + (z - (-17 + 3))?
3
Suppose -n = 3*y + 19, -2*n - 3*n - 40 = 4*y. Let b(s) = -s**2 - 6*s - 2. Let d be b(y). Suppose -40 = -5*k + 8*z - d*z, k = -3*z. What is the units digit of k?
6
Let i be (-2)/2*(-5 - -6). Let r = i - -3. Suppose -2*x + 18 = -0*d + 2*d, -3*x + 2*d + r = 0. What is the units digit of x?
4
Suppose -5 - 5 = -5*z. Suppose -116 = -3*h + 5*u - u, -z*h + 84 = -4*u. What is the tens digit of h?
3
Let w(j) = -6*j - 26. What is the units digit of w(-17)?
6
Suppose -2*v = v - 3. Suppose -2*x - 3*j + 6 = 0, 3*j = -3*x + v + 8. Suppose -x*g = -0*g - 12. What is the units digit of g?
4
Suppose 0 = -2*b + 5*z - 6 - 1, -3*z - 3 = -3*b. Suppose -b*x + 0*j + 29 = j, -33 = -3*x + 3*j. What is the units digit of x?
8
Let r = 26 + -16. Suppose v + m + r = 4*m, 0 = 2*m - 8. What is the units digit of v?
2
Suppose -2*m = 3*d - m + 373, -5*d - 2*m - 620 = 0. What is the units digit of ((-1)/3)/(6/d)?
7
Suppose 0 = -4*z + 2*d + 46, -5*d + 80 = 5*z - 3*d. What is the tens digit of (z/(-8))/((-5)/60)?
2
Let v = 12 + -10. Let j = -2 + 6. What is the units digit of v/(-3)*(-6)/j?
1
Let g(p) = -p**3 - p**2 - 4*p + 3. What is the units digit of g(-3)?
3
What is the tens digit of (-4)/1 - (5 + -20)?
1
Let u = 3 - -1. Suppose u*v - 5*i - 35 = 0, 4*v + i + 7 = 24. Suppose -j + 3 = v*k, j - 2*k - 12 = 2*k. What is the units digit of j?
8
Let n = -8 + 4. Let u(s) = -s**3 + 6*s + 4. What is the tens digit of u(n)?
4
Suppose -2 + 10 = 4*u. Suppose u*s - 16 = -2*s. Suppose -2*p = -s*p + 4. What is the units digit of p?
2
Suppose -s - 5*a - 6 = -20, -a + 2 = 0. Suppose g - 4*k + 0 + 3 = 0, 0 = 3*g + k - 17. Suppose -s*m = -g - 11. What is the units digit of m?
4
Suppose 16 = 4*w, 3*w - 4 = -4*g + 32. Let f = g - 5. Let t(c) = 8*c**2 + c. What is the units digit of t(f)?
9
Let s(b) = 23*b. Let l be s(3). Suppose 0 = -2*k - k + l. What is the units digit of k?
3
Let u = 15 + -11. Suppose -2*d + 14 = u. What is the units digit of d?
5
Let c(s) be the first derivative of -s**3/3 + 5*s**2/2 + s + 1. Let m be c(5). Suppose 5*u - 8 = -2*b + m, -2*b + 7 = 3*u. What is the units digit of u?
1
Let c be 16/5 + (-8)/40. Let o(i) be the first derivative of i**2/2 + 4*i - 1. What is the units digit of o(c)?
7
Let s be (3/9)/((-1)/(-3)). What is the tens digit of -6*((-36)/8)/s?
2
Let x(s) = -5*s + 1. Let d be x(2). Suppose -3*c + 39 = 12. Let j = c - d. What is the tens digit of j?
1
Suppose l - 5*u = 31 - 1, 2*u = -2*l. Suppose -l*p + 3*q = 2, -2*p + 1 = 3*q + 6. What is the units digit of 7 - (1 + p)/1?
7
What is the tens digit of 376/(16/(-4) + 5) + 2?
7
Suppose 2*v - 9 = 3*k - 4*k, -2*v - 2*k = -6. What is the units digit of (1 - 0)/(v/84)?
4
Let n(p) = -p**3 + 5*p**2 - 5. Let o = 7 - 3. What is the tens digit of n(o)?
1
Suppose g = 12*g - 2090. What is the hundreds digit of g?
1
Suppose 0 = 2*x - 3 - 39. What is the tens digit of x?
2
Suppose 8*r - 5*r + 9 = 0. Let t = r + 8. Suppose 4*c - 3 = t. What is the units digit of c?
2
Suppose -4 - 15 = -3*s - o, 5*o = 20. Let w = s + 5. What is the tens digit of w?
1
Let p(t) = -t**3 - 4*t**2 + 2. Let d be p(-4). Suppose 2*c - 10 = -d. Let b = -2 + c. What is the units digit of b?
2
What is the tens digit of (-1)/(4/(-124) + 0)?
3
Let g = 26 + -9. Let a = g - 7. What is the units digit of a?
0
Let v = -2 - -5. Let j = -5 + v. What is the units digit of 1*(j - 10/(-2))?
3
Suppose w = -j + 137, -3*j + 145 = w + 2*j. What is the hundreds digit of w?
1
Let f = -61 - -117. What is the tens digit of f?
5
Let j(u) = 0 + 2*u**2 - 1 - 8*u + 0*u**2 + 3. What is the units digit of j(4)?
2
Suppose -4*w + 1 = 9. What is the units digit of w - -6*6/2?
6
Suppose -w + 2 = -1. Suppose -l = 2*d - 49, 2*l - 3*l - 61 = -w*d. What is the units digit of d?
2
Suppose 10*k - 1808 = -268. What is the tens digit of k?
5
Suppose 539 = 2*w + 9.